{"id":3,"date":"2023-11-08T11:41:45","date_gmt":"2023-11-08T11:41:45","guid":{"rendered":"https:\/\/hpa.itveljet.fi\/?page_id=3"},"modified":"2025-09-16T15:03:33","modified_gmt":"2025-09-16T13:03:33","slug":"privacy-policy","status":"publish","type":"page","link":"https:\/\/haapaniemenapteekki.fi\/?page_id=3","title":{"rendered":"Tietosuojaseloste"},"content":{"rendered":"\n<p>T\u00e4m\u00e4 on Kuopion 5. Haapaniemen apteekin tietosuojaseloste. Laajempi tietosuojaseloste saatavilla pyydett\u00e4ess\u00e4.<\/p>\n\n\n\n<h1 class=\"wp-block-heading\">Rekisterinpit\u00e4j\u00e4<\/h1>\n\n\n\n<p>Kuopion 5. Haapaniemen apteekki<br>Apteekkari Jukka Koistinen<br>Tasavallankatu 26, 70620 Kuopio<br>puh. 017 26 24 214<br>asiakaspalvelu@haapaniemenapteekki.fi<\/p>\n\n\n\n<h1 class=\"wp-block-heading\">Henkil\u00f6tietojen k\u00e4sittelyn tarkoitus ja k\u00e4sittelyn oikeusperuste<\/h1>\n\n\n\n<ul class=\"wp-block-list\">\n<li>Asiakasrekisteri\u00e4 k\u00e4ytet\u00e4\u00e4n kulloinkin voimassa olevan tietosuojalains\u00e4\u00e4d\u00e4nn\u00f6n ja muun lains\u00e4\u00e4d\u00e4nn\u00f6n mukaisesti. Henkil\u00f6tietojen k\u00e4sittely perustuu tietosuojalains\u00e4\u00e4d\u00e4nn\u00f6n ohella apteekkitoimintaa koskevaan yksityiskohtaiseen lains\u00e4\u00e4d\u00e4nt\u00f6\u00f6n<\/li>\n\n\n\n<li>Reseptiasiakkaiden tietojen k\u00e4sittelyn oikeusperuste on lakis\u00e4\u00e4teinen velvoite ja se perustuu voimassa olevaan lains\u00e4\u00e4d\u00e4nt\u00f6\u00f6n (toimitettujen reseptien arkistointi) tai sopimukseen (Kela-korvausk\u00e4sittely). Joissain tapauksissa tietojen k\u00e4sittely perustuu my\u00f6s apteekin ja asiakkaan v\u00e4liseen sopimukseen (\u201dsopimusasiakkaat\u201d)<\/li>\n\n\n\n<li>Kameravalvonnan tietojen ker\u00e4\u00e4misen tarkoituksena on omaisuuden suojaaminen sek\u00e4 turvallisuutta, omaisuutta tai tuotantoprosessia vaarantaneiden tilanteiden ennaltaehk\u00e4iseminen tai selvitt\u00e4minen. Kameravalvonnan tarkoituksena on varmistaa ja lis\u00e4t\u00e4 henkil\u00f6kunnan turvallisuutta<\/li>\n\n\n\n<li>Apteekin verkkosivujen palautelaatikon kautta ker\u00e4tt\u00e4v\u00e4n tiedon tarkoitus on asiakkaan palveleminen eli palautteen k\u00e4sitteleminen ja siihen vastaaminen<\/li>\n\n\n\n<li>Ty\u00f6- tai harjoittelupaikkaa hakevien (\u201dty\u00f6nhakijat\u201d) tietoja ker\u00e4t\u00e4\u00e4n rekrytoinnin hoitamiseksi<\/li>\n<\/ul>\n\n\n\n<h1 class=\"wp-block-heading\">Rekisterin tietosis\u00e4lt\u00f6<\/h1>\n\n\n\n<ul class=\"wp-block-list\">\n<li>Reseptiasiakkaat: nimi, henkil\u00f6tunnus, kaikki reseptille tallennettavat tiedot, osto- ja maksutapahtumat, sitoumustiedot, ty\u00f6paikkakassatiedot, Kela-korvaustiedot, Kelan maksuosuus<\/li>\n\n\n\n<li>Sopimusasiakkaat: yll\u00e4 mainittujen lis\u00e4ksi puhelinnumero, l\u00e4hiosoitetiedot, mahdollisen yhteyshenkil\u00f6n tiedot, sopimukseen liittyv\u00e4 mahdollinen lis\u00e4informaatio    <ul><li>Annosjakeluasiakkaat: hoitokoti\/asiakasryhm\u00e4, annosjaeltavat l\u00e4\u00e4kevalmisteet annosteluajankohtineen, muu annosjakeluasiakkaan l\u00e4\u00e4kitys, annosjakeluun liittyv\u00e4 mahdollinen lis\u00e4informaatio<\/li><\/ul>\n<ul class=\"wp-block-list\">\n<li>Tiliasiakkaat: suoramaksu\/e-lasku -tiedot, edunvalvojan tiedot, laskutusosoite\/postiosoite, laskun viitteet ja laskutukseen liittyv\u00e4t lis\u00e4tiedot,<ul><li>e-lasku\/suoramaksusanoma (pankista apteekkiin): nimi, henkil\u00f6tunnus, virtuaalinen IBAN-tilinumero<\/li><\/ul>\n<ul class=\"wp-block-list\">\n<li>Laskujen v\u00e4lityspalveluun l\u00e4htev\u00e4t tiedot: nimi, edunvalvojan tiedot (jos laskulla m\u00e4\u00e4ritelty), laskutusosoite, asiakkaan ja apteekin e-lasku-\/verkkolaskuosoite, asiakkaalta laskutettavat ostokerrat tuotteineen sek\u00e4 muut laskutettavat tuotteet (tuotteet on mahdollista piilottaa laskulta asiakaskohtaisesti, pelkk\u00e4 l\u00e4heterivi j\u00e4\u00e4 t\u00e4ss\u00e4 tapauksessa laskulle)<\/li>\n<\/ul>\n<\/li>\n<\/ul>\n<\/li>\n\n\n\n<li>El\u00e4inreseptiasiakkaat: nimi, kaikki el\u00e4inreseptille tallennettavat tiedot, osto- ja maksutapahtumat, asiakkaan l\u00e4hiosoitetiedot<\/li>\n\n\n\n<li>Apteekin kameravalvonta: valvonnan piiriin kuuluvissa tiloissa syntynyt tallentavaan valvontaj\u00e4rjestelm\u00e4\u00e4n kuuluvien kameroiden kuvaama kuva-aineisto<\/li>\n\n\n\n<li>Verkkosivujen palautelaatikon kautta l\u00e4hetetty palaute: yhteydenottoviestin sis\u00e4lt\u00f6, nimi, s\u00e4hk\u00f6postiosoite<\/li>\n\n\n\n<li>Ty\u00f6nhakijat: nimi, s\u00e4hk\u00f6postiosoite, mahdollinen hakukirje\/CV<\/li>\n<\/ul>\n\n\n\n<h1 class=\"wp-block-heading\">S\u00e4\u00e4nn\u00f6nmukaiset tietol\u00e4hteet<\/h1>\n\n\n\n<ul class=\"wp-block-list\">\n<li>Apteekkiasiakkaiden tiedot saadaan reseptil\u00e4\u00e4kkeiden toimituksen sek\u00e4 osto- ja maksutapahtuman yhteydess\u00e4<\/li>\n\n\n\n<li>Sopimusasiakkaisiin liittyvi\u00e4 lis\u00e4tietoja ker\u00e4t\u00e4\u00e4n asiakkaalta itselt\u00e4\u00e4n sopimuksen tekemisen yhteydess\u00e4 sek\u00e4 sopimussuhteen aikana<\/li>\n\n\n\n<li>Apteekin kameravalvontaj\u00e4rjestelm\u00e4st\u00e4 saadaan tietoa kameroiden v\u00e4litt\u00e4m\u00e4st\u00e4 kuva-aineistosta<\/li>\n\n\n\n<li>Asiakaspalautteen l\u00e4hett\u00e4j\u00e4n tiedot ker\u00e4t\u00e4\u00e4n asiakkaalta itselt\u00e4\u00e4n siten kuin asiakas ne itse t\u00e4ytt\u00e4\u00e4 palautelaatikkoon<\/li>\n\n\n\n<li>Ty\u00f6nhakijan tiedot ker\u00e4t\u00e4\u00e4n hakijalta itselt\u00e4\u00e4n<\/li>\n<\/ul>\n\n\n\n<h1 class=\"wp-block-heading\">Henkil\u00f6tietojen s\u00e4ilytysaika<\/h1>\n\n\n\n<ul class=\"wp-block-list\">\n<li>Reseptitietoja s\u00e4ilytet\u00e4\u00e4n arkistoituna rekisteriss\u00e4 lain velvoittama aika. Apteekkiasiakkaiden tiedot poistuvat aktiivirekisterist\u00e4 13 kuukauden j\u00e4lkeen, jos asiakas ei ole asioinut tuona aikana apteekissa<\/li>\n\n\n\n<li>Sopimusasiakkuuteen liittyvi\u00e4 henkil\u00f6tietoja s\u00e4ilytet\u00e4\u00e4n asiakasrekisteriss\u00e4 sopimuksen mukaisesti<\/li>\n\n\n\n<li>Tiliasiakkuuteen liittyvi\u00e4 henkil\u00f6tietoja s\u00e4ilytet\u00e4\u00e4n asiakasrekisteriss\u00e4 sopimuksen mukaisesti sek\u00e4 v\u00e4hint\u00e4\u00e4n lain velvoittama aika. Laskujen v\u00e4lityspalvelussa laskutusaineistoja s\u00e4ilytet\u00e4\u00e4n 3 kuukauden ajan laskutuksen j\u00e4lkeen. Varmuuskopioilla tiedot s\u00e4ilyv\u00e4t 12 kuukauden ajan<\/li>\n\n\n\n<li>Kameravalvontarekisterin tietoja s\u00e4ilytet\u00e4\u00e4n enint\u00e4\u00e4n 30 vuorokautta, ellei ole kameravalvonnan tarkoituksen toteuttamisesta johtuvaa erityist\u00e4 syyt\u00e4 s\u00e4ilytt\u00e4\u00e4 tietoja pidemp\u00e4\u00e4 aikaa<\/li>\n\n\n\n<li>Asiakaspalautetta s\u00e4ilytet\u00e4\u00e4n yhteydenoton k\u00e4sittelyn vaatima aika. Asiakaspalautteen tietoja ei tallenneta verkkosivun palvelimelle<\/li>\n\n\n\n<li>Ty\u00f6nhakijoiden tietoja s\u00e4ilytet\u00e4\u00e4n hakuprosessin ja valitus-\/kanneaikojen vaatima aika<\/li>\n<\/ul>\n\n\n\n<h1 class=\"wp-block-heading\">Tietojen luovutukset ja tietojen siirto<\/h1>\n\n\n\n<p><strong>S\u00e4\u00e4nn\u00f6nmukaisia luovutuksia toiselle rekisterinpit\u00e4j\u00e4lle:<\/strong><\/p>\n\n\n\n<ul class=\"wp-block-list\">\n<li>Reseptikeskukseen apteekin s\u00e4hk\u00f6ist\u00e4mien reseptien tiedot (Kansallinen Terveysarkisto)<\/li>\n\n\n\n<li>Reseptikeskukseen tiedot toimitetuista resepteist\u00e4<\/li>\n\n\n\n<li>Kelalle tiedot sv-korvatuista ostoista<\/li>\n\n\n\n<li>Kelalle tiedot maksusitoumuksella toimitetuista ostoista<\/li>\n\n\n\n<li>Ty\u00f6paikkakassoille tiedot laskutettavista ostoista<\/li>\n\n\n\n<li>Vakuutusyhti\u00f6ille tiedot laskutettavista ostoista<\/li>\n\n\n\n<li>Apteekkisopimusj\u00e4rjestelm\u00e4\u00e4n tiedot apteekkisopimuksesta<\/li>\n\n\n\n<li>Rikosep\u00e4ilytapauksissa kameravalvonnan tietoja voidaan luovuttaa poliisille<\/li>\n<\/ul>\n\n\n\n<p><strong>Kirjallisella suostumuksella teht\u00e4vi\u00e4 luovutuksia:<\/strong><\/p>\n\n\n\n<ul class=\"wp-block-list\">\n<li>Annosjakeluasiakkaat: annosjakelutiedot annosjakeluyksikk\u00f6 Pharmaservice Oy:lle<\/li>\n\n\n\n<li>Laskutusasiakkaat: laskutustiedot Ropo Capital Oy:lle<\/li>\n<\/ul>\n\n\n\n<p>Korttimaksutiedot v\u00e4littyv\u00e4t Nets Oyj:lle. S-etukorttia n\u00e4ytt\u00e4m\u00e4ll\u00e4 asiakkaan S-Etukortin j\u00e4sen-\/asiointinumero ja bonukseen oikeuttavien ostojen loppusumma v\u00e4litet\u00e4\u00e4n Nets Oyj:n kautta S-ryhm\u00e4lle, sek\u00e4 tallentuu lis\u00e4ksi kassakuittiarkistoon apteekin j\u00e4rjestelm\u00e4\u00e4n.<\/p>\n\n\n\n<p>Tietoja ei luovuteta\/siirret\u00e4 EU-maiden ulkopuolelle. Emme siirr\u00e4 asiakkaiden tietoja markkinointitarkoituksessa muualle.<\/p>\n\n\n\n<h1 class=\"wp-block-heading\">Rekister\u00f6idyn oikeudet<\/h1>\n\n\n\n<p><strong>Rekister\u00f6idyll\u00e4 on seuraavat oikeudet:<\/strong><\/p>\n\n\n\n<ul class=\"wp-block-list\">\n<li>Oikeus tarkastaa itse\u00e4\u00e4n koskevat henkil\u00f6tiedot<\/li>\n\n\n\n<li>Oikeus henkil\u00f6tietojen oikaisemiseen tai poistamiseen<\/li>\n\n\n\n<li>Oikeus pyyt\u00e4\u00e4 k\u00e4sittelyn rajoittamista<\/li>\n\n\n\n<li>Oikeus peruuttaa antamansa suostumus<\/li>\n\n\n\n<li>Oikeus siirt\u00e4\u00e4 tiedot j\u00e4rjestelm\u00e4st\u00e4 toiseen<\/li>\n\n\n\n<li>Oikeus tehd\u00e4 valitus valvontaviranomaiselle<\/li>\n<\/ul>\n","protected":false},"excerpt":{"rendered":"<p>T\u00e4m\u00e4 on Kuopion 5. Haapaniemen apteekin tietosuojaseloste. Laajempi tietosuojaseloste saatavilla pyydett\u00e4ess\u00e4. Rekisterinpit\u00e4j\u00e4 Kuopion 5. Haapaniemen apteekkiApteekkari Jukka KoistinenTasavallankatu 26, 70620 Kuopiopuh. 017 26 24 214asiakaspalvelu@haapaniemenapteekki.fi Henkil\u00f6tietojen k\u00e4sittelyn tarkoitus ja k\u00e4sittelyn oikeusperuste Rekisterin tietosis\u00e4lt\u00f6 S\u00e4\u00e4nn\u00f6nmukaiset tietol\u00e4hteet Henkil\u00f6tietojen s\u00e4ilytysaika Tietojen luovutukset ja tietojen siirto S\u00e4\u00e4nn\u00f6nmukaisia luovutuksia toiselle rekisterinpit\u00e4j\u00e4lle: Kirjallisella suostumuksella teht\u00e4vi\u00e4 luovutuksia: Korttimaksutiedot v\u00e4littyv\u00e4t Nets Oyj:lle. S-etukorttia [&hellip;]<\/p>\n","protected":false},"author":1,"featured_media":0,"parent":0,"menu_order":0,"comment_status":"closed","ping_status":"closed","template":"","meta":{"_et_pb_use_builder":"off","_et_pb_old_content":"<!-- wp:paragraph -->\n<p>T\u00e4m\u00e4 on Kuopion 5. Haapaniemen apteekin tietosuojaseloste. Laajempi tietosuojaseloste saatavilla pyydett\u00e4ess\u00e4.<\/p>\n<!-- \/wp:paragraph -->\n\n<!-- wp:heading {\"level\":1} -->\n<h1 class=\"wp-block-heading\">Rekisterinpit\u00e4j\u00e4<\/h1>\n<!-- \/wp:heading -->\n\n<!-- wp:paragraph -->\n<p>Kuopion 5. Haapaniemen apteekki<br>Apteekkari Jukka Koistinen<br>Tasavallankatu 26, 70620 Kuopio<br>puh. 017 26 24 214<br>asiakaspalvelu@haapaniemenapteekki.fi<\/p>\n<!-- \/wp:paragraph -->\n\n<!-- wp:heading {\"level\":1} -->\n<h1 class=\"wp-block-heading\">Henkil\u00f6tietojen k\u00e4sittelyn tarkoitus ja k\u00e4sittelyn oikeusperuste<\/h1>\n<!-- \/wp:heading -->\n\n<!-- wp:list -->\n<ul class=\"wp-block-list\"><!-- wp:list-item -->\n<li>Asiakasrekisteri\u00e4 k\u00e4ytet\u00e4\u00e4n kulloinkin voimassa olevan tietosuojalains\u00e4\u00e4d\u00e4nn\u00f6n ja muun lains\u00e4\u00e4d\u00e4nn\u00f6n mukaisesti. Henkil\u00f6tietojen k\u00e4sittely perustuu tietosuojalains\u00e4\u00e4d\u00e4nn\u00f6n ohella apteekkitoimintaa koskevaan yksityiskohtaiseen lains\u00e4\u00e4d\u00e4nt\u00f6\u00f6n<\/li>\n<!-- \/wp:list-item -->\n\n<!-- wp:list-item -->\n<li>Reseptiasiakkaiden tietojen k\u00e4sittelyn oikeusperuste on lakis\u00e4\u00e4teinen velvoite ja se perustuu voimassa olevaan lains\u00e4\u00e4d\u00e4nt\u00f6\u00f6n (toimitettujen reseptien arkistointi) tai sopimukseen (Kela-korvausk\u00e4sittely). Joissain tapauksissa tietojen k\u00e4sittely perustuu my\u00f6s apteekin ja asiakkaan v\u00e4liseen sopimukseen (\u201dsopimusasiakkaat\u201d)<\/li>\n<!-- \/wp:list-item -->\n\n<!-- wp:list-item -->\n<li>Kameravalvonnan tietojen ker\u00e4\u00e4misen tarkoituksena on omaisuuden suojaaminen sek\u00e4 turvallisuutta, omaisuutta tai tuotantoprosessia vaarantaneiden tilanteiden ennaltaehk\u00e4iseminen tai selvitt\u00e4minen. Kameravalvonnan tarkoituksena on varmistaa ja lis\u00e4t\u00e4 henkil\u00f6kunnan turvallisuutta<\/li>\n<!-- \/wp:list-item -->\n\n<!-- wp:list-item -->\n<li>Apteekin verkkosivujen palautelaatikon kautta ker\u00e4tt\u00e4v\u00e4n tiedon tarkoitus on asiakkaan palveleminen eli palautteen k\u00e4sitteleminen ja siihen vastaaminen<\/li>\n<!-- \/wp:list-item -->\n\n<!-- wp:list-item -->\n<li>Ty\u00f6- tai harjoittelupaikkaa hakevien (\u201dty\u00f6nhakijat\u201d) tietoja ker\u00e4t\u00e4\u00e4n rekrytoinnin hoitamiseksi<\/li>\n<!-- \/wp:list-item --><\/ul>\n<!-- \/wp:list -->\n\n<!-- wp:heading {\"level\":1} -->\n<h1 class=\"wp-block-heading\">Rekisterin tietosis\u00e4lt\u00f6<\/h1>\n<!-- \/wp:heading -->\n\n<!-- wp:list -->\n<ul class=\"wp-block-list\"><!-- wp:list-item -->\n<li>Reseptiasiakkaat: nimi, henkil\u00f6tunnus, kaikki reseptille tallennettavat tiedot, osto- ja maksutapahtumat, sitoumustiedot, ty\u00f6paikkakassatiedot, Kela-korvaustiedot, Kelan maksuosuus<\/li>\n<!-- \/wp:list-item -->\n\n<!-- wp:list-item -->\n<li>Sopimusasiakkaat: yll\u00e4 mainittujen lis\u00e4ksi puhelinnumero, l\u00e4hiosoitetiedot, mahdollisen yhteyshenkil\u00f6n tiedot, sopimukseen liittyv\u00e4 mahdollinen lis\u00e4informaatio    <ul><li>Annosjakeluasiakkaat: hoitokoti\/asiakasryhm\u00e4, annosjaeltavat l\u00e4\u00e4kevalmisteet annosteluajankohtineen, muu annosjakeluasiakkaan l\u00e4\u00e4kitys, annosjakeluun liittyv\u00e4 mahdollinen lis\u00e4informaatio<\/li><\/ul><!-- wp:list -->\n<ul class=\"wp-block-list\"><!-- wp:list-item -->\n<li>Tiliasiakkaat: suoramaksu\/e-lasku -tiedot, edunvalvojan tiedot, laskutusosoite\/postiosoite, laskun viitteet ja laskutukseen liittyv\u00e4t lis\u00e4tiedot,<ul><li>e-lasku\/suoramaksusanoma (pankista apteekkiin): nimi, henkil\u00f6tunnus, virtuaalinen IBAN-tilinumero<\/li><\/ul><!-- wp:list -->\n<ul class=\"wp-block-list\"><!-- wp:list-item -->\n<li>Laskujen v\u00e4lityspalveluun l\u00e4htev\u00e4t tiedot: nimi, edunvalvojan tiedot (jos laskulla m\u00e4\u00e4ritelty), laskutusosoite, asiakkaan ja apteekin e-lasku-\/verkkolaskuosoite, asiakkaalta laskutettavat ostokerrat tuotteineen sek\u00e4 muut laskutettavat tuotteet (tuotteet on mahdollista piilottaa laskulta asiakaskohtaisesti, pelkk\u00e4 l\u00e4heterivi j\u00e4\u00e4 t\u00e4ss\u00e4 tapauksessa laskulle)<\/li>\n<!-- \/wp:list-item --><\/ul>\n<!-- \/wp:list --><\/li>\n<!-- \/wp:list-item --><\/ul>\n<!-- \/wp:list --><\/li>\n<!-- \/wp:list-item -->\n\n<!-- wp:list-item -->\n<li>El\u00e4inreseptiasiakkaat: nimi, kaikki el\u00e4inreseptille tallennettavat tiedot, osto- ja maksutapahtumat, asiakkaan l\u00e4hiosoitetiedot<\/li>\n<!-- \/wp:list-item -->\n\n<!-- wp:list-item -->\n<li>Apteekin kameravalvonta: valvonnan piiriin kuuluvissa tiloissa syntynyt tallentavaan valvontaj\u00e4rjestelm\u00e4\u00e4n kuuluvien kameroiden kuvaama kuva-aineisto<\/li>\n<!-- \/wp:list-item -->\n\n<!-- wp:list-item -->\n<li>Verkkosivujen palautelaatikon kautta l\u00e4hetetty palaute: yhteydenottoviestin sis\u00e4lt\u00f6, nimi, s\u00e4hk\u00f6postiosoite<\/li>\n<!-- \/wp:list-item -->\n\n<!-- wp:list-item -->\n<li>Ty\u00f6nhakijat: nimi, s\u00e4hk\u00f6postiosoite, mahdollinen hakukirje\/CV<\/li>\n<!-- \/wp:list-item --><\/ul>\n<!-- \/wp:list -->\n\n<!-- wp:heading {\"level\":1} -->\n<h1 class=\"wp-block-heading\">S\u00e4\u00e4nn\u00f6nmukaiset tietol\u00e4hteet<\/h1>\n<!-- \/wp:heading -->\n\n<!-- wp:list -->\n<ul class=\"wp-block-list\"><!-- wp:list-item -->\n<li>Apteekkiasiakkaiden tiedot saadaan reseptil\u00e4\u00e4kkeiden toimituksen sek\u00e4 osto- ja maksutapahtuman yhteydess\u00e4<\/li>\n<!-- \/wp:list-item -->\n\n<!-- wp:list-item -->\n<li>Sopimusasiakkaisiin liittyvi\u00e4 lis\u00e4tietoja ker\u00e4t\u00e4\u00e4n asiakkaalta itselt\u00e4\u00e4n sopimuksen tekemisen yhteydess\u00e4 sek\u00e4 sopimussuhteen aikana<\/li>\n<!-- \/wp:list-item -->\n\n<!-- wp:list-item -->\n<li>Apteekin kameravalvontaj\u00e4rjestelm\u00e4st\u00e4 saadaan tietoa kameroiden v\u00e4litt\u00e4m\u00e4st\u00e4 kuva-aineistosta<\/li>\n<!-- \/wp:list-item -->\n\n<!-- wp:list-item -->\n<li>Asiakaspalautteen l\u00e4hett\u00e4j\u00e4n tiedot ker\u00e4t\u00e4\u00e4n asiakkaalta itselt\u00e4\u00e4n siten kuin asiakas ne itse t\u00e4ytt\u00e4\u00e4 palautelaatikkoon<\/li>\n<!-- \/wp:list-item -->\n\n<!-- wp:list-item -->\n<li>Ty\u00f6nhakijan tiedot ker\u00e4t\u00e4\u00e4n hakijalta itselt\u00e4\u00e4n<\/li>\n<!-- \/wp:list-item --><\/ul>\n<!-- \/wp:list -->\n\n<!-- wp:heading {\"level\":1} -->\n<h1 class=\"wp-block-heading\">Henkil\u00f6tietojen s\u00e4ilytysaika<\/h1>\n<!-- \/wp:heading -->\n\n<!-- wp:list -->\n<ul class=\"wp-block-list\"><!-- wp:list-item -->\n<li>Reseptitietoja s\u00e4ilytet\u00e4\u00e4n arkistoituna rekisteriss\u00e4 lain velvoittama aika. Apteekkiasiakkaiden tiedot poistuvat aktiivirekisterist\u00e4 13 kuukauden j\u00e4lkeen, jos asiakas ei ole asioinut tuona aikana apteekissa<\/li>\n<!-- \/wp:list-item -->\n\n<!-- wp:list-item -->\n<li>Sopimusasiakkuuteen liittyvi\u00e4 henkil\u00f6tietoja s\u00e4ilytet\u00e4\u00e4n asiakasrekisteriss\u00e4 sopimuksen mukaisesti<\/li>\n<!-- \/wp:list-item -->\n\n<!-- wp:list-item -->\n<li>Tiliasiakkuuteen liittyvi\u00e4 henkil\u00f6tietoja s\u00e4ilytet\u00e4\u00e4n asiakasrekisteriss\u00e4 sopimuksen mukaisesti sek\u00e4 v\u00e4hint\u00e4\u00e4n lain velvoittama aika. Laskujen v\u00e4lityspalvelussa laskutusaineistoja s\u00e4ilytet\u00e4\u00e4n 3 kuukauden ajan laskutuksen j\u00e4lkeen. Varmuuskopioilla tiedot s\u00e4ilyv\u00e4t 12 kuukauden ajan<\/li>\n<!-- \/wp:list-item -->\n\n<!-- wp:list-item -->\n<li>Kameravalvontarekisterin tietoja s\u00e4ilytet\u00e4\u00e4n enint\u00e4\u00e4n 30 vuorokautta, ellei ole kameravalvonnan tarkoituksen toteuttamisesta johtuvaa erityist\u00e4 syyt\u00e4 s\u00e4ilytt\u00e4\u00e4 tietoja pidemp\u00e4\u00e4 aikaa<\/li>\n<!-- \/wp:list-item -->\n\n<!-- wp:list-item -->\n<li>Asiakaspalautetta s\u00e4ilytet\u00e4\u00e4n yhteydenoton k\u00e4sittelyn vaatima aika<\/li>\n<!-- \/wp:list-item -->\n\n<!-- wp:list-item -->\n<li>Ty\u00f6nhakijoiden tietoja s\u00e4ilytet\u00e4\u00e4n hakuprosessin ja valitus-\/kanneaikojen vaatima aika<\/li>\n<!-- \/wp:list-item --><\/ul>\n<!-- \/wp:list -->\n\n<!-- wp:heading {\"level\":1} -->\n<h1 class=\"wp-block-heading\">Tietojen luovutukset ja tietojen siirto<\/h1>\n<!-- \/wp:heading -->\n\n<!-- wp:paragraph -->\n<p><strong>S\u00e4\u00e4nn\u00f6nmukaisia luovutuksia toiselle rekisterinpit\u00e4j\u00e4lle:<\/strong><\/p>\n<!-- \/wp:paragraph -->\n\n<!-- wp:list -->\n<ul class=\"wp-block-list\"><!-- wp:list-item -->\n<li>Reseptikeskukseen apteekin s\u00e4hk\u00f6ist\u00e4mien reseptien tiedot (Kansallinen Terveysarkisto)<\/li>\n<!-- \/wp:list-item -->\n\n<!-- wp:list-item -->\n<li>Reseptikeskukseen tiedot toimitetuista resepteist\u00e4<\/li>\n<!-- \/wp:list-item -->\n\n<!-- wp:list-item -->\n<li>Kelalle tiedot sv-korvatuista ostoista<\/li>\n<!-- \/wp:list-item -->\n\n<!-- wp:list-item -->\n<li>Kelalle tiedot maksusitoumuksella toimitetuista ostoista<\/li>\n<!-- \/wp:list-item -->\n\n<!-- wp:list-item -->\n<li>Ty\u00f6paikkakassoille tiedot laskutettavista ostoista<\/li>\n<!-- \/wp:list-item -->\n\n<!-- wp:list-item -->\n<li>Vakuutusyhti\u00f6ille tiedot laskutettavista ostoista<\/li>\n<!-- \/wp:list-item -->\n\n<!-- wp:list-item -->\n<li>Rikosep\u00e4ilytapauksissa kameravalvonnan tietoja voidaan luovuttaa poliisille.<\/li>\n<!-- \/wp:list-item --><\/ul>\n<!-- \/wp:list -->\n\n<!-- wp:paragraph -->\n<p><strong>Kirjallisella suostumuksella teht\u00e4vi\u00e4 luovutuksia:<\/strong><\/p>\n<!-- \/wp:paragraph -->\n\n<!-- wp:list -->\n<ul class=\"wp-block-list\"><!-- wp:list-item -->\n<li>Annosjakeluasiakkaat: annosjakelutiedot annosjakeluyksikk\u00f6 Pharmaservice Oy:lle<\/li>\n<!-- \/wp:list-item -->\n\n<!-- wp:list-item -->\n<li>Laskutusasiakkaat: laskutustiedot Ropo Capital Oy:lle<\/li>\n<!-- \/wp:list-item --><\/ul>\n<!-- \/wp:list -->\n\n<!-- wp:paragraph -->\n<p>Tietoja ei luovuteta\/siirret\u00e4 EU-maiden ulkopuolelle. Emme siirr\u00e4 asiakkaiden tietoja markkinointitarkoituksessa muualle.<\/p>\n<!-- \/wp:paragraph -->\n\n<!-- wp:heading {\"level\":1} -->\n<h1 class=\"wp-block-heading\">Rekister\u00f6idyn oikeudet<\/h1>\n<!-- \/wp:heading -->\n\n<!-- wp:paragraph -->\n<p><strong>Rekister\u00f6idyll\u00e4 on seuraavat oikeudet:<\/strong><\/p>\n<!-- \/wp:paragraph -->\n\n<!-- wp:list -->\n<ul class=\"wp-block-list\"><!-- wp:list-item -->\n<li>Oikeus tarkastaa itse\u00e4\u00e4n koskevat henkil\u00f6tiedot<\/li>\n<!-- \/wp:list-item -->\n\n<!-- wp:list-item -->\n<li>Oikeus henkil\u00f6tietojen oikaisemiseen tai poistamiseen<\/li>\n<!-- \/wp:list-item -->\n\n<!-- wp:list-item -->\n<li>Oikeus pyyt\u00e4\u00e4 k\u00e4sittelyn rajoittamista<\/li>\n<!-- \/wp:list-item -->\n\n<!-- wp:list-item -->\n<li>Oikeus peruuttaa antamansa suostumus<\/li>\n<!-- \/wp:list-item -->\n\n<!-- wp:list-item -->\n<li>Oikeus siirt\u00e4\u00e4 tiedot j\u00e4rjestelm\u00e4st\u00e4 toiseen<\/li>\n<!-- \/wp:list-item -->\n\n<!-- wp:list-item -->\n<li>Oikeus tehd\u00e4 valitus valvontaviranomaiselle<\/li>\n<!-- \/wp:list-item --><\/ul>\n<!-- \/wp:list -->","_et_gb_content_width":"","footnotes":""},"class_list":["post-3","page","type-page","status-publish","hentry"],"_links":{"self":[{"href":"https:\/\/haapaniemenapteekki.fi\/index.php?rest_route=\/wp\/v2\/pages\/3","targetHints":{"allow":["GET"]}}],"collection":[{"href":"https:\/\/haapaniemenapteekki.fi\/index.php?rest_route=\/wp\/v2\/pages"}],"about":[{"href":"https:\/\/haapaniemenapteekki.fi\/index.php?rest_route=\/wp\/v2\/types\/page"}],"author":[{"embeddable":true,"href":"https:\/\/haapaniemenapteekki.fi\/index.php?rest_route=\/wp\/v2\/users\/1"}],"replies":[{"embeddable":true,"href":"https:\/\/haapaniemenapteekki.fi\/index.php?rest_route=%2Fwp%2Fv2%2Fcomments&post=3"}],"version-history":[{"count":28,"href":"https:\/\/haapaniemenapteekki.fi\/index.php?rest_route=\/wp\/v2\/pages\/3\/revisions"}],"predecessor-version":[{"id":446,"href":"https:\/\/haapaniemenapteekki.fi\/index.php?rest_route=\/wp\/v2\/pages\/3\/revisions\/446"}],"wp:attachment":[{"href":"https:\/\/haapaniemenapteekki.fi\/index.php?rest_route=%2Fwp%2Fv2%2Fmedia&parent=3"}],"curies":[{"name":"wp","href":"https:\/\/api.w.org\/{rel}","templated":true}]}}